e factors of u?
13
Let j(s) = -s**3 + 4*s**2 - s - 2. Let i be j(3). Suppose -4*n = 4*x - 3*x - 15, -i*x + 3 = -3*n. Suppose -6 = x*h - 5*h. List the prime factors of h.
3
Let h be (9/5)/(3/10). Suppose h + 26 = 4*a. What are the prime factors of a?
2
Let p = -3 - -7. List the prime factors of (2 - 4)/(p/(-54)).
3
Let r = -62 + 42. Let w be (-96)/r*(-10)/(-3). Suppose 3*y - 4*y = -w. What are the prime factors of y?
2
Let r(x) be the first derivative of 2*x**3/3 + x**2/2 - x + 1. Let i(b) be the first derivative of r(b). List the prime factors of i(1).
5
Suppose 8 = -4*g, -14 - 8 = 2*t + 4*g. Let q = t - -13. List the prime factors of q.
2, 3
Let o be (-42)/(-15) - (-1)/5. Suppose -4*q = -o*q - 7. What are the prime factors of q?
7
Let t(x) = -x**3 + 17*x**2 - x + 19. Let r be t(17). Suppose -r*k = 3*k - 185. What are the prime factors of k?
37
Suppose 0 = f + 5, 3 + 2 = 3*u + 5*f. Let z(p) = p**2 - 9*p - 5. What are the prime factors of z(u)?
5
Let o = 175 + -121. List the prime factors of o.
2, 3
Let u(x) be the first derivative of -x**2 - 2*x - 1. List the prime factors of u(-5).
2
Let u(i) = -i**2 - 15*i + 2. List the prime factors of u(-7).
2, 29
Let t(i) = 6 - i - 3 - 4. Let n be t(-4). Suppose -4*m + 3*w + 21 = 0, 2*m + n*w = -2*w + 17. What are the prime factors of m?
2, 3
Let d = 0 + -11. Let s = d - -7. Let m = 4 - s. List the prime factors of m.
2
Suppose 2*f - f + 5*v = 33, 5*f + 4*v - 102 = 0. What are the prime factors of (-6)/(f/21 + -1)?
2, 3, 7
Let r = 16 + -37. Let l be 143/5 + (-12)/(-30). Let y = r + l. List the prime factors of y.
2
Suppose -5*i + 25 = 0, 22 = -0*p - p + 5*i. Suppose 22 = p*z - 5*m - 44, -2*z = 5*m - 44. Suppose -4*t + 54 = z. What are the prime factors of t?
2
Let d(i) = -2*i**2 - 4*i + 1. Let h be d(-3). Let b be -2 + 1/1 + 19. Let j = h + b. What are the prime factors of j?
13
Let o(r) = 4*r**2 + 6*r - 12. Let u(t) = -6*t**2 - 9*t + 18. Let y(m) = 8*o(m) + 5*u(m). List the prime factors of y(4).
2, 19
Let r(l) = l - 2. Let h be r(8). Let u = -3 + 3. Let y = h - u. What are the prime factors of y?
2, 3
Let x(w) = -4*w**3 - 5 + 5*w**3 - 5*w - 5*w**2 + 2. Let p be x(6). Suppose 0 = -p*h + n + 16, -2*n = 4*h - 6*n - 24. What are the prime factors of h?
5
Suppose -2*z + 0*z + 16 = 0. Let m be (-295)/4 + (-2)/z. What are the prime factors of 10/(-45) - m/9?
2
Let f = 7 + 3. Let w(p) = 3*p - 8. What are the prime factors of w(f)?
2, 11
Let s(o) = 8*o + 2. Let l be s(6). Suppose -5*m + 5*u + 45 = 3*u, -5*m + l = -3*u. List the prime factors of m.
7
Let b(p) = p - 9. Let h be b(-10). Let l = 12 + h. Let z = -2 - l. List the prime factors of z.
5
Suppose h - 40 = -0*h - 3*t, -t = -2*h + 45. Suppose 5*x - h = 0, -q + 5*x - 21 + 0 = 0. Suppose -z = -2*z + q. List the prime factors of z.
2
Suppose s = -0*s + 12. What are the prime factors of -1 + 4/(s/9)?
2
Let p(n) = 2*n**3 - 7*n**2 + 4*n - 6. What are the prime factors of p(5)?
89
Let k(z) = -z - 6. Let i be k(-6). Suppose i = j + j - 26. List the prime factors of j.
13
Let j(p) = -8*p**3 + p**2 - 3*p - 3. What are the prime factors of j(-1)?
3
Suppose -2*w + 4 = -6. Suppose w*f = -1 + 56. What are the prime factors of f?
11
Let g = -199 - -300. List the prime factors of g.
101
Let t(i) = 10*i - 73. What are the prime factors of t(16)?
3, 29
Let w be -3*((-1)/1 + 0). Let a(h) = 4*h - 28. Let f be a(7). Suppose -w*b - 12 = b, f = -x - b - 1. List the prime factors of x.
2
Suppose 5*j = 4*s + 25, -4*s - 4*j = -6 - 14. Let t = s - -7. Suppose -2*g - l + 15 = 0, -4*l + 28 = 3*g - t. List the prime factors of g.
5
Suppose -2*x + 1 = -1. What are the prime factors of 5*(2 + (x - 2))?
5
Suppose 2 = -v - 2. What are the prime factors of -3 + v/((-8)/50)?
2, 11
Suppose -52 - 344 = -2*x - 3*v, -3*x + 4*v + 594 = 0. List the prime factors of x.
2, 3, 11
Let v be 3/(-7) - (-1412)/28. What are the prime factors of 36/(-30)*v/(-4)?
3, 5
Suppose -4*w - 5 + 15 = -3*g, w = 1. Let b(s) = s**3 - 4*s**2 + 4*s + 1. Let f be b(3). Let l = f + g. List the prime factors of l.
2
Let t(x) = x**2 - 2*x + 3. Let o be t(0). Suppose 3*q = -6 - 0. What are the prime factors of (70/(-15))/(q/o)?
7
Suppose 0*s = 5*s. Let u = s + 3. Suppose -o - u*r + 21 = 0, o + r + 21 = 3*o. What are the prime factors of o?
2, 3
Let n = 7 - -11. List the prime factors of n/((-4)/(-2)) + 1.
2, 5
Suppose 3*g + 2*x + 6 = 4*g, -2*g + 2*x = -16. Let u = -20 + g. What are the prime factors of ((-4)/u)/((-4)/(-100))?
2, 5
Let x = 55 + -12. List the prime factors of x.
43
Let u = 157 - 83. List the prime factors of u.
2, 37
Let m = 42 - 39. What are the prime factors of m?
3
Suppose 5*z - 3*z = -5*x - 70, -3*x = -4*z + 68. Let g = 22 + x. What are the prime factors of g?
2, 3
Suppose 3*h - 14 = -3*i - 2, 3*h = 2*i - 8. Suppose p - 18 = 4*k, i*p + 2*k = k + 38. What are the prime factors of p?
2, 5
Suppose 2*v + 17 = 5*u + 2, -3*v + 2*u - 6 = 0. Suppose v = -5*z + 2*g + 214 - 9, -123 = -3*z + g. List the prime factors of z.
41
Let h = 59 + -14. Suppose l + h = 5*r, 0 = 4*r - l + 2*l - 27. List the prime factors of r.
2
Let x be 2 - (1 + 2/2). Let c = x - -1. Let l(r) = 19*r**3 - 2*r**2 + 2*r - 1. List the prime factors of l(c).
2, 3
Let h(s) = s**3 - 7*s**2 - 2*s + 10. Let g be h(7). Let i = -2 - g. Suppose 3*p - i*p - 15 = 0. What are the prime factors of p?
3, 5
Let b(v) = 6*v**2 - v - 2. What are the prime factors of b(3)?
7
Suppose 5*v - 284 = c, c + 56 = v - 0*c. What are the prime factors of v?
3, 19
Suppose 0 = 5*h - 3*h - v - 113, 288 = 5*h + 3*v. What are the prime factors of h?
3, 19
Suppose 0 = 3*p + 3*x - 18, 5*p + 0*p = -x + 22. Suppose 4*j - 42 = -2*a, 3*a + 21 = p*a - 3*j. List the prime factors of a.
3, 7
Let t = 2 - 2. Suppose -i = -t*m - 2*m + 24, -5*m + 3*i + 60 = 0. List the prime factors of m.
2, 3
Suppose v + o = -23, 0*o + 3*o + 123 = -5*v. List the prime factors of (-9)/v + 53/3.
2, 3
Suppose 3*j = -3*k + 390, k + 2*j = 4*k - 365. List the prime factors of k.
5
Let u(w) = -w**3 + 16*w**2 - 16*w + 18. Let x be u(15). Suppose x*o = o + 48. What are the prime factors of o?
2, 3
List the prime factors of 9/2*1072/24.
3, 67
Let g(t) = t**3 - t + 26. Let z(s) = s - 5. Let l be z(5). List the prime factors of g(l).
2, 13
List the prime factors of 5 - 327/(-3)*1.
2, 3, 19
Let n = 15 + 24. What are the prime factors of n?
3, 13
Let f = 6 - 1. Suppose f*s - 4*v = -0*s + 14, 2*s - 2*v = 6. Suppose -w - 18 = -u, 30 = 2*u - 7*w + s*w. What are the prime factors of u?
2, 5
Suppose 340 = -m + 6*m. Let u = m - 45. What are the prime factors of u?
23
Let s(q) = 0*q + 17*q + 6 - 8*q + q**2. What are the prime factors of s(-13)?
2, 29
List the prime factors of (-1886)/(-18) - -4*4/72.
3, 5, 7
Suppose 0 = -2*o + 4*o - 2*c - 276, 5*c = -15. What are the prime factors of o?
3, 5
Suppose -36 = -2*j + 4. Suppose -5*g + j = -g. What are the prime factors of g?
5
Let i be ((-3)/6 + 1)*-36. Let n = i + 40. What are the prime factors of n?
2, 11
Let w = -6 + 9. Suppose 4*s + w = 71. List the prime factors of s.
17
Suppose -20 = 4*g, -379 = -4*v + v - 4*g. What are the prime factors of v?
7, 19
Let r be (4/(-2) + 3)*3. Suppose -2*p - t + 6*t - 12 = 0, r*p + 4*t - 28 = 0. List the prime factors of p.
2
Let d = 38 + 0. What are the prime factors of d?
2, 19
Suppose 46 = 12*t - 11*t. What are the prime factors of t?
2, 23
Let o = 197 + -133. List the prime factors of o.
2
Let s(a) = -4*a - 1. Let f(c) = -3*c - 2. Let j be f(-3). Let l = 5 - j. What are the prime factors of s(l)?
7
Let a(p) = -p**2 - 8*p. Let d be a(-7). Let i = 11 + d. What are the prime factors of i?
2, 3
Let c = -3 - -11. List the prime factors of (6/4)/(6/c).
2
Let s = -7 + 5. List the prime factors of -5*s*(-3)/(-6).
5
Let d = 17 - 14. Suppose -5*n - 4*j = -63, 5*n - d*j + 2*j = 78. What are the prime factors of n?
3, 5
Let o(z) = -z**3 + z**2. Let b be o(-1). Suppose g + 7 = b*i - 15, 0 = -3*i - 2*g + 40. List the prime factors of i.
2, 3
Let i be (-8 + -1)*2/(-2). Suppose -3*t + i = -5*n - 75, t + 42 = -3*n. List the prime factors of (-5)/n + (-34)/(-6).
2, 3
Let u(x) = -3 + 2 - 1 - 2*x. Let h(g) = g**3 - 5*g**2 - 7*g + 1. Let v be h(6). What are the prime factors of u(v)?
2
Suppose 0*p = p - 12. Let g = p + -18. What are the prime factors of 52/12 + 